Calculate the remainder when 398 is divided by g.
149
Suppose -1474*l + 8199 = 83*l - 39452 - 6844. Calculate the remainder when (-116)/((0 - 1) + 0) is divided by l.
11
Suppose 2*u = 0, -5*u + 2*u = 2*o - 146. Suppose 5*d - 5*k = 335, 222 + o = 4*d + 5*k. Calculate the remainder when d is divided by 37.
33
What is the remainder when 5113 is divided by 16335/162 + -8 - (26/(-12) - -2)?
91
Suppose 5*i + i = 6. Let f be 2 + 0/(1/i) - -105. Let o = f + -16. Calculate the remainder when o is divided by 23.
22
Suppose -2*w + 21912 = 7*w + 3*w. What is the remainder when w is divided by 31?
28
Suppose -89*f + 3813 = -1527. What is the remainder when 1259 is divided by f?
59
Let i(d) = -7*d + 795. What is the remainder when i(67) is divided by 28?
18
Suppose 0 = -y - 1, -k - 2*y = 2*y + 20. Let r(z) = -z**2 - 28*z - 15. Calculate the remainder when r(k) is divided by 36.
33
Let p = -144 - -151. Let i(w) = -p - w + 11 + 45. Calculate the remainder when i(-26) is divided by 40.
35
Suppose -9*t + 6*t - 3 = -4*q, 5*t = -q - 28. Let w = t - -77. Calculate the remainder when w is divided by 20.
12
Suppose 4*y - 60 = 4*t, 8*y = 9*y + 5*t - 39. Suppose y*l - 6*l - 1391 = 0. What is the remainder when 207 is divided by l?
100
Suppose g - 6*g = -270. Let h = -3282 + 3301. Suppose -16*y + h*y = g. What is the remainder when 88 is divided by y?
16
Let v = 79 + -143. Let k be (-105)/(-28)*v/(-6). What is the remainder when 68 is divided by ((-55)/(-10) - 5)*k/1?
8
Suppose -2*l - p = 3, 3*p = -4*l + 8*p + 15. Suppose 4*t + 0*t + 36 = 4*q, l = -4*t + 12. What is the remainder when q is divided by 8?
4
Suppose -n - t + 27 = 0, -5*n - 102 = -9*n - 2*t. Let w = -69 + 74. Suppose 10 = -3*q - 4*k + 43, w*k = 2*q - 45. What is the remainder when n is divided by q?
9
Let a = 1691 + -219. Calculate the remainder when a is divided by 1468.
4
Suppose 5*l - 25 = 0, -2*b - 34*l + 31*l = -133. Suppose 0 = -0*x + 5*x - 75. Calculate the remainder when b is divided by x.
14
What is the remainder when (-63)/(-84)*((-22430)/(-15) - 6) is divided by 229?
201
Suppose -34 = -4*o + 2*n, 0*n - 28 = -4*o + 4*n. Suppose -13*i + 770 = -o. What is the remainder when i is divided by 9?
6
Let y(u) = 2*u**3 - 28*u**2 + 29*u - 3. Let v = -630 - -643. Calculate the remainder when 68 is divided by y(v).
32
Suppose -3*s - t + 218 = -46, -3*s + 9*t + 294 = 0. Calculate the remainder when 262 is divided by s.
84
Let o(v) = -v**3 + 12*v**2 - 6. Let s = 315 - 290. Calculate the remainder when o(11) is divided by s.
15
Let o(p) = 149*p**3 + 2*p**2 + p - 2. Let v be o(1). Suppose 22*z = 28*z - v. Let t = z - -8. What is the remainder when t is divided by 13?
7
Let y(t) = 3*t - 7. Let f be y(3). What is the remainder when f*13 + (-27)/9 is divided by 4?
3
What is the remainder when 0 + (140 - (-2)/(-2)) is divided by 26 - (-21 + 29 - 10)?
27
Let h = 12205 - 11362. What is the remainder when 1703 is divided by h?
17
Suppose 7*b - 48 = 3*y + 10*b, 4*b = 4*y + 40. Calculate the remainder when y/26 - (730/(-4) + -2) is divided by 31.
29
Let h = -6 + 8. Calculate the remainder when (-15 + 9)/(((-80)/65 - -1) + 0) is divided by 2 - (1 - (h + 6)).
8
Let r(i) = -30*i**3 - 7*i**2 - 7*i + 5. Calculate the remainder when r(-3) is divided by 86.
85
Let z(y) = 45*y - 707. Calculate the remainder when 201 is divided by z(18).
98
Suppose 11*l = 2120 - 162. Calculate the remainder when l + (-10)/(3/(-3)) + -4 is divided by 43.
12
Suppose -30*d = -29*d - 12*d + 154. Calculate the remainder when 37 is divided by d.
9
Suppose 11*v - 11616 = 43*v. Let u = v + 381. What is the remainder when 45 is divided by u?
9
Let r(c) = -c + 16. Let d be r(-9). Let x = 30 - d. Suppose 0 = -x*k - 9 + 34. Calculate the remainder when 6 is divided by k.
1
Let z = 754 - 752. Suppose 5*n - 72 = -z*s, 2*n = -3*s - n + 126. What is the remainder when 275 is divided by s?
45
Let t(l) be the third derivative of -5/3*l**3 + 1/3*l**4 + 2*l + 1/40*l**6 - 4*l**2 + 0 - 1/10*l**5. Calculate the remainder when t(4) is divided by 32.
22
Suppose -4*k + 27 = -33. Let l = 116 + -165. Let p = l + 93. What is the remainder when p is divided by k?
14
Let h(y) = -y**2 - 123*y - 2297. What is the remainder when 2859 is divided by h(-54)?
1
Suppose 0 = 18*i - 25*i + 595. Suppose 2 + 46 = a. What is the remainder when i is divided by a?
37
Suppose -54*r - 39 = -3*f - 55*r, -3*f - 3*r + 45 = 0. Suppose -3979 = -f*s + 2657. What is the remainder when s is divided by 18?
13
Let g(v) = -v**3 - 17*v**2 - 45*v - 190. Calculate the remainder when 118 is divided by g(-15).
13
Let j(q) = -q**3 + 3*q**2 - q + 1. Let p be j(2). Suppose 0*s - p*s = -135. Let z(m) = m**2 + 555*m + 6009. Calculate the remainder when s is divided by z(-11).
20
Suppose -2*t + 85 = 3*p, -2*p - 4*t - 9 = -63. What is the remainder when 146 is divided by p?
1
Suppose -5*y + 592 = 4*k, 62*y - 60*y - 151 = -k. What is the remainder when 565 is divided by k?
136
Let i(p) be the second derivative of -p**5/20 + 3*p**4/4 + 3*p**3/2 + p**2 + 53*p. Calculate the remainder when i(9) is divided by 33.
17
Let a = -68 + 95. Suppose -19 = i - a. What is the remainder when 38 is divided by i?
6
Let r(j) = 26*j + 89. Let a be r(-3). What is the remainder when 246 is divided by 196/a + -8*(-8)/352?
12
Suppose -2986 = -4*d - 810. Suppose 9 = -3*h, 0 = 2*t + h - 3*h - d. Let s(c) = -14*c + 6. What is the remainder when t is divided by s(-2)?
31
Let f(u) = -u**3 + 5*u**2 - 6*u + 21. Suppose 2*w = 1 + 7. Suppose -2*a + 0*a + 8 = 0, -5*a = w*o - 52. Calculate the remainder when f(0) is divided by o.
5
Suppose 0 = 10*l - 22 - 8. Suppose d - 199 = -l*h + h, -2*h + 184 = 4*d. Calculate the remainder when h is divided by 18.
12
Let w(z) = -764*z - 1239. What is the remainder when w(-37) is divided by 124?
121
Suppose 6*c - c + 316 = 4*p, -4*c + 280 = 4*p. Suppose 0 = -69*v + p*v - 135. What is the remainder when 186 is divided by v?
24
Calculate the remainder when (7/14)/((-21833)/3640 + 24/4) is divided by 79.
23
Let g = -19 - -17. Let j(t) = -t**3 - t**2 + 3*t + 4. Let v be j(g). Let p(n) = 12*n + 2. Calculate the remainder when 153 is divided by p(v).
23
Let y(n) = n**3 + 10*n**2 + 20*n + 6. Let b(f) = -f**3 - 10*f**2 + 23*f - 18. Let q be b(-12). Calculate the remainder when y(q) is divided by 8.
6
Let q = 693 - 690. Suppose 0 = q*c - z - 98, -68 = -2*c + 5*z - 3*z. What is the remainder when 78 is divided by c?
14
Let w = -3 + 3. Suppose 5*p + t = 571, w = -2*p - t - 4*t + 210. Suppose 6658 = 2*b - b + 6619. What is the remainder when p is divided by b?
37
Let m(n) = 230*n - 2035. What is the remainder when 4338 is divided by m(9)?
33
Let j = 13 - -7. Let f = 39 - j. Suppose c + 3*k - 128 = 0, 0 = 4*c - 3*k - 100 - 412. What is the remainder when c is divided by f?
14
Let j be (-33)/77 + 1/(21/5217). Let r = -231 + j. Suppose 5*u - 46 = w, -4*w + w = 3*u - 42. What is the remainder when r is divided by u?
7
Let x(o) = 12*o**2 - 49*o - 296. Calculate the remainder when x(-5) is divided by 14.
11
Calculate the remainder when (-39108)/(-57) + (-60)/570 is divided by 17.
6
Let u(v) = -18*v - 6. Let t be u(-2). Suppose 4*c - 5*c - 67 = -3*n, c + 25 = n. Suppose 24*h = n*h + t. Calculate the remainder when 16 is divided by h.
6
Let x(v) = 7*v + 2. Suppose -22*j + 1004 + 3726 = 21*j. What is the remainder when j is divided by x(3)?
18
Let z = 75 - 51. Suppose -49*b + 4172 - 1281 = 0. What is the remainder when b is divided by z?
11
Let k = -132 + 65. Let b = -36 - k. What is the remainder when 92 is divided by b?
30
Suppose -2*o - 56 = -5*a, -2*o = 6*a - a - 44. Suppose a*z = -4*z + 364. What is the remainder when 75 is divided by z?
23
Suppose 3092*u - 3090*u = 26 + 38. Let z = -29 - -48. Let t = 36 - z. Calculate the remainder when u is divided by t.
15
Suppose 5*q = 2*w - 99, -5*w - 4*q + 205 = -26. Let z(i) = 1687*i + 10146. Calculate the remainder when w is divided by z(-6).
23
Suppose 32*n = 53*n - 1365. Calculate the remainder when ((-534)/12 + 3)*-2 is divided by n.
18
Calculate the remainder when 1693 is divided by (1554/(-70) - -22) + ((-2313)/(-15) - 0).
153
Let r = -52839 + 52861. Suppose 0 = -s + 204 - 9. Calculate the remainder when s is divided by r.
19
Let q(p) = -p**3 - 2*p**2 + p - 2. Let x be 0*(-1)/1 